{"id":596,"date":"2011-04-03T01:17:48","date_gmt":"2011-04-03T01:17:48","guid":{"rendered":"https:\/\/themify.me\/demo\/themes\/bizco\/?page_id=596"},"modified":"2016-02-14T23:53:23","modified_gmt":"2016-02-14T22:53:23","slug":"mapa","status":"publish","type":"page","link":"https:\/\/supplementstore.rs\/blog\/kontakt\/mapa\/","title":{"rendered":"Mapa"},"content":{"rendered":"<div class=\"shortcode col3-2 first\">\n<div class=\"shortcode map\">\n                                        <div data-map=\"eyJhZGRyZXNzIjoiVm9qdm9kZSBTdGVwZSAyMCwgQmVvZ3JhZCwgU3JiaWphIiwiem9vbSI6MTUsInR5cGUiOiJST0FETUFQIiwic2Nyb2xsIjp0cnVlLCJkcmFnIjp0cnVlfQ==\" id=\"themify_map_canvas_1472\" style=\"display: block;width:100%;height:600px;\" class=\"map-container themify_map\"><\/div>\n                                <\/div>\n<\/div>\n<div class=\"shortcode col3-1\">\n<h3>Lokacija #1<\/h3>\n<p>Prodavnica #1 se nalazi u ulici Vojvode Stepe 20. U blizini je raskrsnice &#8220;Autokomanda&#8221; i stajali\u0161ta gradskog prevoza br. 9, 10, 14, 33 i E9.<\/p>\n<h3>Adresa<\/h3>\n<p>Vojvode Stepe 20,<br \/>\nBeograd, Vo\u017edovac<\/p>\n<h3>Telefoni<\/h3>\n<p>011\/39 737 98<br \/>\n065\/85 101 10<\/p>\n<h3>Radno vreme<\/h3>\n<p>Radnim danima: 10 &#8211; 20 \u010dasova<br \/>\nSubotom: 10 &#8211; 15 \u010dasova<br \/>\nNedeljom ne radimo.<br \/>\n<\/p><\/div>\n<div class=\"shortcode col3-2 first\">\n<div class=\"shortcode map\">\n                                        <div data-map=\"eyJhZGRyZXNzIjoiXHUwNDNhXHUwNDNlXHUwNDQxXHUwNDMwXHUwNDNkXHUwNDQ3XHUwNDM4XHUwNDViXHUwNDM1XHUwNDMyIFx1MDQzMlx1MDQzNVx1MDQzZFx1MDQzMFx1MDQ0NiwgXHUwNDExXHUwNDM1XHUwNDNlXHUwNDMzXHUwNDQwXHUwNDMwXHUwNDM0LCBcdTA0MjFcdTA0NDBcdTA0MzFcdTA0MzhcdTA0NThcdTA0MzAiLCJ6b29tIjoxNSwidHlwZSI6IlJPQURNQVAiLCJzY3JvbGwiOnRydWUsImRyYWciOnRydWV9\" id=\"themify_map_canvas_6662\" style=\"display: block;width:100%;height:600px;\" class=\"map-container themify_map\"><\/div>\n                                <\/div>\n<\/div>\n<div class=\"shortcode col3-1\">\n<h3>Lokacija #2<\/h3>\n<p>Prodavnica #2 se nalazi u ulici Kosan\u010di\u0107ev venac 1, sa ulazom iz ulice Pop-Lukina. U blizini je Brankovog mosta i stajali\u0161ta gradskog prevoza br. 15, 16, 60, 65, 67, 68, 71, 72, 75, 77, 84, 95, E4, E6.<\/p>\n<h3>Adresa<\/h3>\n<p>Kosan\u010di\u0107ev venac 1,<br \/>\nBeograd, Stari Grad<\/p>\n<h3>Telefon<\/h3>\n<p>011\/32 857 39<\/p>\n<h3>Radno vreme<\/h3>\n<p>Radnim danima: 10 &#8211; 20 \u010dasova<br \/>\nSubotom: 10 &#8211; 15 \u010dasova<br \/>\nNedeljom ne radimo.<br \/>\n<\/p><\/div>\n<div id=\"themify_builder_content-596\" data-postid=\"596\" class=\"themify_builder_content themify_builder_content-596 themify_builder themify_builder_front\">\n\n\t<\/div>\n<!-- \/themify_builder_content -->","protected":false},"excerpt":{"rendered":"","protected":false},"author":1,"featured_media":0,"parent":594,"menu_order":0,"comment_status":"closed","ping_status":"open","template":"","meta":{"footnotes":""},"class_list":["post-596","page","type-page","status-publish","hentry","has-post-title","has-post-date","has-post-category","has-post-tag","has-post-comment","has-post-author"],"_links":{"self":[{"href":"https:\/\/supplementstore.rs\/blog\/wp-json\/wp\/v2\/pages\/596","targetHints":{"allow":["GET"]}}],"collection":[{"href":"https:\/\/supplementstore.rs\/blog\/wp-json\/wp\/v2\/pages"}],"about":[{"href":"https:\/\/supplementstore.rs\/blog\/wp-json\/wp\/v2\/types\/page"}],"author":[{"embeddable":true,"href":"https:\/\/supplementstore.rs\/blog\/wp-json\/wp\/v2\/users\/1"}],"replies":[{"embeddable":true,"href":"https:\/\/supplementstore.rs\/blog\/wp-json\/wp\/v2\/comments?post=596"}],"version-history":[{"count":5,"href":"https:\/\/supplementstore.rs\/blog\/wp-json\/wp\/v2\/pages\/596\/revisions"}],"predecessor-version":[{"id":2125,"href":"https:\/\/supplementstore.rs\/blog\/wp-json\/wp\/v2\/pages\/596\/revisions\/2125"}],"up":[{"embeddable":true,"href":"https:\/\/supplementstore.rs\/blog\/wp-json\/wp\/v2\/pages\/594"}],"wp:attachment":[{"href":"https:\/\/supplementstore.rs\/blog\/wp-json\/wp\/v2\/media?parent=596"}],"curies":[{"name":"wp","href":"https:\/\/api.w.org\/{rel}","templated":true}]}}